{"id":1921,"date":"2017-08-29T09:58:05","date_gmt":"2017-08-29T09:58:05","guid":{"rendered":"https:\/\/estherponce.com\/?page_id=387"},"modified":"2017-08-29T09:58:05","modified_gmt":"2017-08-29T09:58:05","slug":"flamenco-estilizado","status":"publish","type":"page","link":"https:\/\/estherponcemagazine.com\/en\/flamenco-estilizado\/","title":{"rendered":"Flamenco Estilizado"},"content":{"rendered":"<p>[av_section min_height=&#8217;75&#8217; min_height_px=&#8217;500px&#8217; padding=&#8217;default&#8217; shadow=&#8217;no-border-styling&#8217; bottom_border=&#8217;no-border-styling&#8217; bottom_border_diagonal_color=&#8217;#f2f2f2&#8242; bottom_border_diagonal_direction=&#8217;border-extra-diagonal-inverse&#8217; bottom_border_style=\u00bb id=\u00bb color=&#8217;main_color&#8217; custom_bg=\u00bb src=\u00bb attachment=\u00bb attachment_size=\u00bb attach=&#8217;scroll&#8217; position=&#8217;top left&#8217; repeat=&#8217;no-repeat&#8217; video=&#8217;https:\/\/www.youtube.com\/watch?v=7E7VEItLHII?t=15s&#8217; video_ratio=&#8217;16:9&#8242; overlay_enable=&#8217;aviaTBoverlay_enable&#8217; overlay_opacity=&#8217;0.8&#8242; overlay_color=&#8217;#ffffff&#8217; overlay_pattern=\u00bb overlay_custom_pattern=\u00bb av_element_hidden_in_editor=&#8217;0&#8242;]<br \/>\n[av_textblock size=\u00bb font_color=\u00bb color=\u00bb av-medium-font-size=\u00bb av-small-font-size=\u00bb av-mini-font-size=\u00bb admin_preview_bg=\u00bb]<\/p>\n<h2 style=\"text-align: center\">Flamenco Estilizado<\/h2>\n<p>[\/av_textblock]<\/p>\n<p>[av_one_half first min_height=\u00bb vertical_alignment=\u00bb space=\u00bb custom_margin=\u00bb margin=&#8217;0px&#8217; padding=&#8217;0px&#8217; border=\u00bb border_color=\u00bb radius=&#8217;0px&#8217; background_color=\u00bb src=\u00bb background_position=&#8217;top left&#8217; background_repeat=&#8217;no-repeat&#8217; animation=\u00bb mobile_display=\u00bb]<\/p>\n<p>[av_image src=&#8217;https:\/\/estherponce.com\/wp-content\/uploads\/2017\/07\/flamenco-experimental-esther-ponce-278&#215;300.jpg&#8217; attachment=&#8217;74&#8217; attachment_size=&#8217;medium&#8217; align=&#8217;center&#8217; styling=\u00bb hover=\u00bb link=\u00bb target=\u00bb caption=\u00bb font_size=\u00bb appearance=\u00bb overlay_opacity=&#8217;0.4&#8242; overlay_color=&#8217;#000000&#8242; overlay_text_color=&#8217;#ffffff&#8217; animation=&#8217;no-animation&#8217; admin_preview_bg=\u00bb][\/av_image]<\/p>\n<p>[\/av_one_half][av_one_half min_height=\u00bb vertical_alignment=&#8217;av-align-top&#8217; space=\u00bb margin=&#8217;0px&#8217; margin_sync=&#8217;true&#8217; padding=&#8217;0px,0px,50px,0px&#8217; border=\u00bb border_color=\u00bb radius=&#8217;0px&#8217; radius_sync=&#8217;true&#8217; background_color=\u00bb src=\u00bb attachment=\u00bb attachment_size=\u00bb background_position=&#8217;top left&#8217; background_repeat=&#8217;no-repeat&#8217; animation=\u00bb mobile_display=\u00bb]<\/p>\n<p>[av_textblock size=\u00bb font_color=\u00bb color=\u00bb av-medium-font-size=\u00bb av-small-font-size=\u00bb av-mini-font-size=\u00bb admin_preview_bg=\u00bb]<br \/>\n<span style=\"color: #800000\">Flamenco Estilizado<\/span> es una forma de autodescribirme a mi misma. Despu\u00e9s de 30 a\u00f1os de carrera profesional he llegado a la conclusi\u00f3n de que mi manera de sentir y expresar la danza, se llama <strong>FLAMENCO ESTILIZADO<\/strong>.<\/p>\n<p>No podr\u00eda llegar la inspiraci\u00f3n sin tener la esencia de alguna manera de la guitarra de <span style=\"color: #800000\">Paco de Luci<\/span>a y el cante de <span style=\"color: #800000\">Camaron de la Isla<\/span>, asi como la t\u00e9cnica desbordada presente en todo momento de Mikhail Barishnikov o la sublime Manuela Vargas como Musa del baile de car\u00e1cter.<\/p>\n<p>La T\u00e9cnica depurada de los movimientos flamencos, de la percusi\u00f3n a modo de musicalidad con los acentos marcados de los pies y sus zapateados, unidos a la base del ballet cl\u00e1sico, que nos dar\u00e1 el equilibrio adecuado para encontrar nuestro centro, sabiendo as\u00ed desenvolvernos en unas dimensiones grandes y rellenar un espacio en un escenario diferente cada vez.<\/p>\n<p>Se crea el <strong>Flamenco Estilizado<\/strong>. Exigi\u00e9ndonos un alto nivel t\u00e9cnico, mucha disciplina y profesionalidad.<br \/>\n[\/av_textblock]<\/p>\n<p>[\/av_one_half]<br \/>\n[\/av_section]<\/p>\n<p>[av_section min_height=\u00bb min_height_px=&#8217;500px&#8217; padding=&#8217;no-padding&#8217; shadow=&#8217;no-border-styling&#8217; bottom_border=&#8217;no-border-styling&#8217; bottom_border_diagonal_color=&#8217;#333333&#8242; bottom_border_diagonal_direction=\u00bb bottom_border_style=\u00bb id=\u00bb color=&#8217;main_color&#8217; custom_bg=&#8217;#f2f2f2&#8242; src=\u00bb attachment=\u00bb attachment_size=\u00bb attach=&#8217;scroll&#8217; position=&#8217;top left&#8217; repeat=&#8217;no-repeat&#8217; video=\u00bb video_ratio=&#8217;16:9&#8242; overlay_opacity=&#8217;0.5&#8242; overlay_color=\u00bb overlay_pattern=\u00bb overlay_custom_pattern=\u00bb av_element_hidden_in_editor=&#8217;0&#8242;]<br \/>\n[av_one_half first min_height=\u00bb vertical_alignment=&#8217;av-align-top&#8217; space=\u00bb margin=&#8217;0px&#8217; margin_sync=&#8217;true&#8217; padding=&#8217;50px,0px,50px,0px&#8217; border=\u00bb border_color=\u00bb radius=&#8217;0px&#8217; radius_sync=&#8217;true&#8217; background_color=\u00bb src=\u00bb attachment=\u00bb attachment_size=\u00bb background_position=&#8217;top left&#8217; background_repeat=&#8217;no-repeat&#8217; animation=\u00bb mobile_display=\u00bb]<\/p>\n<p>[av_hr class=&#8217;default&#8217; height=&#8217;50&#8217; shadow=&#8217;no-shadow&#8217; position=&#8217;center&#8217; custom_border=&#8217;av-border-thin&#8217; custom_width=&#8217;50px&#8217; custom_border_color=\u00bb custom_margin_top=&#8217;30px&#8217; custom_margin_bottom=&#8217;30px&#8217; icon_select=&#8217;yes&#8217; custom_icon_color=\u00bb icon=&#8217;ue808&#8242; av-desktop-hide=\u00bb av-medium-hide=\u00bb av-small-hide=\u00bb av-mini-hide=\u00bb]<\/p>\n<p>[av_gallery ids=&#8217;424,423,422,421,420,419&#8242; style=&#8217;big_thumb&#8217; preview_size=&#8217;portfolio&#8217; crop_big_preview_thumbnail=&#8217;avia-gallery-big-crop-thumb&#8217; thumb_size=&#8217;portfolio&#8217; columns=&#8217;5&#8242; imagelink=&#8217;lightbox&#8217; lazyload=&#8217;avia_lazyload&#8217; admin_preview_bg=\u00bb]<\/p>\n<p>[\/av_one_half][av_one_half min_height=\u00bb vertical_alignment=&#8217;av-align-top&#8217; space=\u00bb margin=&#8217;0px&#8217; margin_sync=&#8217;true&#8217; padding=&#8217;9%,0px,0px,0px&#8217; border=\u00bb border_color=\u00bb radius=&#8217;0px&#8217; radius_sync=&#8217;true&#8217; background_color=\u00bb src=\u00bb attachment=\u00bb attachment_size=\u00bb background_position=&#8217;top left&#8217; background_repeat=&#8217;no-repeat&#8217; animation=\u00bb mobile_breaking=\u00bb mobile_display=\u00bb]<\/p>\n<p>[av_textblock size=\u00bb font_color=\u00bb color=\u00bb av-medium-font-size=\u00bb av-small-font-size=\u00bb av-mini-font-size=\u00bb admin_preview_bg=\u00bb]<\/p>\n<h3>PRIMERA VEZ EN LA HISTORIA QUE LA DANZA FLAMENCA SE SUBE A UN ESCENARIO&#8230;<\/h3>\n<p><strong>\u00bb El Sombrero de Tres Picos\u00bb<\/strong> Londres 22 de julio de 1919. En esta foto encima de los zapatos de Mi Torito, \u00bb El torero.\u00bb Vestuario dise\u00f1ado por Picasso. Coreograf\u00eda de Serge Diaghilev, promotor de los Ballets Rusos y m\u00fasica de Manuel de Falla. Estos tres genios juntos crearon esta innovadora Opera-Ballet inspirada en las ra\u00edces folkl\u00f3ricas espa\u00f1olas. Par\u00eds Noviembre 2014.<\/p>\n<p><strong>\u00abGrand Th\u00e9\u00e2tre de Bordeaux\u00bb<\/strong> Donde el genio de la danza Marius Petipa enamorado de las danzas tradicionales espa\u00f1olas coreograf\u00edo Don Quijote&#8230;nunca olvides que una buena t\u00e9cnica de ballet, te proporcionar\u00e1 un nivel m\u00e1s alto de Flamenco Estilizado.<\/p>\n<p>Sefarad S. XV \u00ab<strong>Amor Eterno<\/strong>\u00bb fue filmado en Toledo. Con el fin de contar una historia de danza donde la protagonista crece en esta antigua e hist\u00f3rica ciudad. Recreando el \u00faltimo d\u00eda donde desafortunadamente es forzada a abandonar su casa y su familia. Para mi el momento m\u00e1s especial fue tener la inolvidable oportunidad de improvisar una danza que comienza en el suelo exterior del S. IX y culmina en la Sinagoga del tr\u00e1nsito. Ya que ha sido la primer vez donde un bailar\u00edn baila en su interior.<\/p>\n<p>Sefarad en hebreo significa Espa\u00f1a. Este DVD promocional estuvo en FITUR (Feria internacional de turismo) donde su Alcalde nos felicito por nuestro trabajo.<\/p>\n<p>Artista invitada durante dos meses el centrico teatro madrile\u00f1o Teatro Alcazar.<br \/>\nCoreografia Esther Ponce.<br \/>\nMusica Juan Parrilla.<br \/>\n[\/av_textblock]<\/p>\n<p>[\/av_one_half]<br \/>\n[\/av_section]<\/p>","protected":false},"excerpt":{"rendered":"<p>[av_section min_height=&#8217;75&#8217; min_height_px=&#8217;500px&#8217; padding=&#8217;default&#8217; shadow=&#8217;no-border-styling&#8217; bottom_border=&#8217;no-border-styling&#8217; bottom_border_diagonal_color=&#8217;#f2f2f2&#8242; bottom_border_diagonal_direction=&#8217;border-extra-diagonal-inverse&#8217; bottom_border_style=\u00bb id=\u00bb color=&#8217;main_color&#8217; custom_bg=\u00bb src=\u00bb attachment=\u00bb attachment_size=\u00bb attach=&#8217;scroll&#8217; position=&#8217;top left&#8217; repeat=&#8217;no-repeat&#8217; video=&#8217;https:\/\/www.youtube.com\/watch?v=7E7VEItLHII?t=15s&#8217; video_ratio=&#8217;16:9&#8242; overlay_enable=&#8217;aviaTBoverlay_enable&#8217; overlay_opacity=&#8217;0.8&#8242; overlay_color=&#8217;#ffffff&#8217; overlay_pattern=\u00bb overlay_custom_pattern=\u00bb av_element_hidden_in_editor=&#8217;0&#8242;] [av_textblock size=\u00bb font_color=\u00bb color=\u00bb av-medium-font-size=\u00bb av-small-font-size=\u00bb av-mini-font-size=\u00bb admin_preview_bg=\u00bb] Flamenco Estilizado [\/av_textblock] [av_one_half first min_height=\u00bb vertical_alignment=\u00bb space=\u00bb custom_margin=\u00bb margin=&#8217;0px&#8217; padding=&#8217;0px&#8217; border=\u00bb border_color=\u00bb radius=&#8217;0px&#8217; background_color=\u00bb src=\u00bb background_position=&#8217;top left&#8217; background_repeat=&#8217;no-repeat&#8217; animation=\u00bb [&hellip;]<\/p>","protected":false},"author":2,"featured_media":0,"parent":0,"menu_order":0,"comment_status":"closed","ping_status":"closed","template":"","meta":{"footnotes":""},"class_list":["post-1921","page","type-page","status-publish","hentry"],"_links":{"self":[{"href":"https:\/\/estherponcemagazine.com\/en\/wp-json\/wp\/v2\/pages\/1921","targetHints":{"allow":["GET"]}}],"collection":[{"href":"https:\/\/estherponcemagazine.com\/en\/wp-json\/wp\/v2\/pages"}],"about":[{"href":"https:\/\/estherponcemagazine.com\/en\/wp-json\/wp\/v2\/types\/page"}],"author":[{"embeddable":true,"href":"https:\/\/estherponcemagazine.com\/en\/wp-json\/wp\/v2\/users\/2"}],"replies":[{"embeddable":true,"href":"https:\/\/estherponcemagazine.com\/en\/wp-json\/wp\/v2\/comments?post=1921"}],"version-history":[{"count":0,"href":"https:\/\/estherponcemagazine.com\/en\/wp-json\/wp\/v2\/pages\/1921\/revisions"}],"wp:attachment":[{"href":"https:\/\/estherponcemagazine.com\/en\/wp-json\/wp\/v2\/media?parent=1921"}],"curies":[{"name":"wp","href":"https:\/\/api.w.org\/{rel}","templated":true}]}}

<p>[av_section min_height=&#8217;75&#8217; min_height_px=&#8217;500px&#8217; padding=&#8217;default&#8217; shadow=&#8217;no-border-styling&#8217; bottom_border=&#8217;no-border-styling&#8217; bottom_border_diagonal_color=&#8217;#f2f2f2&#8242; bottom_border_diagonal_direction=&#8217;border-extra-diagonal-inverse&#8217; bottom_border_style=» id=» color=&#8217;main_color&#8217; custom_bg=» src=» attachment=» attachment_size=» attach=&#8217;scroll&#8217; position=&#8217;top left&#8217; repeat=&#8217;no-repeat&#8217; video=&#8217;https://www.youtube.com/watch?v=7E7VEItLHII?t=15s&#8217; video_ratio=&#8217;16:9&#8242; overlay_enable=&#8217;aviaTBoverlay_enable&#8217; overlay_opacity=&#8217;0.8&#8242; overlay_color=&#8217;#ffffff&#8217; overlay_pattern=» overlay_custom_pattern=» av_element_hidden_in_editor=&#8217;0&#8242;]<br />
[av_textblock size=» font_color=» color=» av-medium-font-size=» av-small-font-size=» av-mini-font-size=» admin_preview_bg=»]</p>
<h2 style="text-align: center">Flamenco Estilizado</h2>
<p>[/av_textblock]</p>
<p>[av_one_half first min_height=» vertical_alignment=» space=» custom_margin=» margin=&#8217;0px&#8217; padding=&#8217;0px&#8217; border=» border_color=» radius=&#8217;0px&#8217; background_color=» src=» background_position=&#8217;top left&#8217; background_repeat=&#8217;no-repeat&#8217; animation=» mobile_display=»]</p>
<p>[av_image src=&#8217;https://estherponce.com/wp-content/uploads/2017/07/flamenco-experimental-esther-ponce-278&#215;300.jpg&#8217; attachment=&#8217;74&#8217; attachment_size=&#8217;medium&#8217; align=&#8217;center&#8217; styling=» hover=» link=» target=» caption=» font_size=» appearance=» overlay_opacity=&#8217;0.4&#8242; overlay_color=&#8217;#000000&#8242; overlay_text_color=&#8217;#ffffff&#8217; animation=&#8217;no-animation&#8217; admin_preview_bg=»][/av_image]</p>
<p>[/av_one_half][av_one_half min_height=» vertical_alignment=&#8217;av-align-top&#8217; space=» margin=&#8217;0px&#8217; margin_sync=&#8217;true&#8217; padding=&#8217;0px,0px,50px,0px&#8217; border=» border_color=» radius=&#8217;0px&#8217; radius_sync=&#8217;true&#8217; background_color=» src=» attachment=» attachment_size=» background_position=&#8217;top left&#8217; background_repeat=&#8217;no-repeat&#8217; animation=» mobile_display=»]</p>
<p>[av_textblock size=» font_color=» color=» av-medium-font-size=» av-small-font-size=» av-mini-font-size=» admin_preview_bg=»]<br />
<span style="color: #800000">Flamenco Estilizado</span> es una forma de autodescribirme a mi misma. Después de 30 años de carrera profesional he llegado a la conclusión de que mi manera de sentir y expresar la danza, se llama <strong>FLAMENCO ESTILIZADO</strong>.</p>
<p>No podría llegar la inspiración sin tener la esencia de alguna manera de la guitarra de <span style="color: #800000">Paco de Luci</span>a y el cante de <span style="color: #800000">Camaron de la Isla</span>, asi como la técnica desbordada presente en todo momento de Mikhail Barishnikov o la sublime Manuela Vargas como Musa del baile de carácter.</p>
<p>La Técnica depurada de los movimientos flamencos, de la percusión a modo de musicalidad con los acentos marcados de los pies y sus zapateados, unidos a la base del ballet clásico, que nos dará el equilibrio adecuado para encontrar nuestro centro, sabiendo así desenvolvernos en unas dimensiones grandes y rellenar un espacio en un escenario diferente cada vez.</p>
<p>Se crea el <strong>Flamenco Estilizado</strong>. Exigiéndonos un alto nivel técnico, mucha disciplina y profesionalidad.<br />
[/av_textblock]</p>
<p>[/av_one_half]<br />
[/av_section]</p>
<p>[av_section min_height=» min_height_px=&#8217;500px&#8217; padding=&#8217;no-padding&#8217; shadow=&#8217;no-border-styling&#8217; bottom_border=&#8217;no-border-styling&#8217; bottom_border_diagonal_color=&#8217;#333333&#8242; bottom_border_diagonal_direction=» bottom_border_style=» id=» color=&#8217;main_color&#8217; custom_bg=&#8217;#f2f2f2&#8242; src=» attachment=» attachment_size=» attach=&#8217;scroll&#8217; position=&#8217;top left&#8217; repeat=&#8217;no-repeat&#8217; video=» video_ratio=&#8217;16:9&#8242; overlay_opacity=&#8217;0.5&#8242; overlay_color=» overlay_pattern=» overlay_custom_pattern=» av_element_hidden_in_editor=&#8217;0&#8242;]<br />
[av_one_half first min_height=» vertical_alignment=&#8217;av-align-top&#8217; space=» margin=&#8217;0px&#8217; margin_sync=&#8217;true&#8217; padding=&#8217;50px,0px,50px,0px&#8217; border=» border_color=» radius=&#8217;0px&#8217; radius_sync=&#8217;true&#8217; background_color=» src=» attachment=» attachment_size=» background_position=&#8217;top left&#8217; background_repeat=&#8217;no-repeat&#8217; animation=» mobile_display=»]</p>
<p>[av_hr class=&#8217;default&#8217; height=&#8217;50&#8217; shadow=&#8217;no-shadow&#8217; position=&#8217;center&#8217; custom_border=&#8217;av-border-thin&#8217; custom_width=&#8217;50px&#8217; custom_border_color=» custom_margin_top=&#8217;30px&#8217; custom_margin_bottom=&#8217;30px&#8217; icon_select=&#8217;yes&#8217; custom_icon_color=» icon=&#8217;ue808&#8242; av-desktop-hide=» av-medium-hide=» av-small-hide=» av-mini-hide=»]</p>
<p>[av_gallery ids=&#8217;424,423,422,421,420,419&#8242; style=&#8217;big_thumb&#8217; preview_size=&#8217;portfolio&#8217; crop_big_preview_thumbnail=&#8217;avia-gallery-big-crop-thumb&#8217; thumb_size=&#8217;portfolio&#8217; columns=&#8217;5&#8242; imagelink=&#8217;lightbox&#8217; lazyload=&#8217;avia_lazyload&#8217; admin_preview_bg=»]</p>
<p>[/av_one_half][av_one_half min_height=» vertical_alignment=&#8217;av-align-top&#8217; space=» margin=&#8217;0px&#8217; margin_sync=&#8217;true&#8217; padding=&#8217;9%,0px,0px,0px&#8217; border=» border_color=» radius=&#8217;0px&#8217; radius_sync=&#8217;true&#8217; background_color=» src=» attachment=» attachment_size=» background_position=&#8217;top left&#8217; background_repeat=&#8217;no-repeat&#8217; animation=» mobile_breaking=» mobile_display=»]</p>
<p>[av_textblock size=» font_color=» color=» av-medium-font-size=» av-small-font-size=» av-mini-font-size=» admin_preview_bg=»]</p>
<h3>PRIMERA VEZ EN LA HISTORIA QUE LA DANZA FLAMENCA SE SUBE A UN ESCENARIO&#8230;</h3>
<p><strong>» El Sombrero de Tres Picos»</strong> Londres 22 de julio de 1919. En esta foto encima de los zapatos de Mi Torito, » El torero.» Vestuario diseñado por Picasso. Coreografía de Serge Diaghilev, promotor de los Ballets Rusos y música de Manuel de Falla. Estos tres genios juntos crearon esta innovadora Opera-Ballet inspirada en las raíces folklóricas españolas. París Noviembre 2014.</p>
<p><strong>«Grand Théâtre de Bordeaux»</strong> Donde el genio de la danza Marius Petipa enamorado de las danzas tradicionales españolas coreografío Don Quijote&#8230;nunca olvides que una buena técnica de ballet, te proporcionará un nivel más alto de Flamenco Estilizado.</p>
<p>Sefarad S. XV «<strong>Amor Eterno</strong>» fue filmado en Toledo. Con el fin de contar una historia de danza donde la protagonista crece en esta antigua e histórica ciudad. Recreando el último día donde desafortunadamente es forzada a abandonar su casa y su familia. Para mi el momento más especial fue tener la inolvidable oportunidad de improvisar una danza que comienza en el suelo exterior del S. IX y culmina en la Sinagoga del tránsito. Ya que ha sido la primer vez donde un bailarín baila en su interior.</p>
<p>Sefarad en hebreo significa España. Este DVD promocional estuvo en FITUR (Feria internacional de turismo) donde su Alcalde nos felicito por nuestro trabajo.</p>
<p>Artista invitada durante dos meses el centrico teatro madrileño Teatro Alcazar.<br />
Coreografia Esther Ponce.<br />
Musica Juan Parrilla.<br />
[/av_textblock]</p>
<p>[/av_one_half]<br />
[/av_section]</p>
